{"id":1048,"date":"2022-03-05T09:27:17","date_gmt":"2022-03-05T09:27:17","guid":{"rendered":"https:\/\/nanoclean.com.ar\/?page_id=1048"},"modified":"2022-03-16T09:59:42","modified_gmt":"2022-03-16T09:59:42","slug":"sectores","status":"publish","type":"page","link":"https:\/\/nanoclean.com.ar\/index.php\/sectores\/","title":{"rendered":"Para Sectores"},"content":{"rendered":"\t\t<div data-elementor-type=\"wp-post\" data-elementor-id=\"1048\" class=\"elementor elementor-1048\">\n\t\t\t\t\t\t<section class=\"elementor-section elementor-top-section elementor-element elementor-element-88ef011 elementor-section-boxed elementor-section-height-default elementor-section-height-default\" data-id=\"88ef011\" data-element_type=\"section\">\n\t\t\t\t\t\t<div class=\"elementor-container elementor-column-gap-no\">\n\t\t\t\t\t<div class=\"aux-parallax-section elementor-column elementor-col-50 elementor-top-column elementor-element elementor-element-965fbbc\" data-id=\"965fbbc\" data-element_type=\"column\">\n\t\t\t<div class=\"elementor-widget-wrap elementor-element-populated\">\n\t\t\t\t\t\t<div class=\"elementor-element elementor-element-20e4914 aux-appear-watch-animation aux-scale-up elementor-hidden-mobile elementor-widget elementor-widget-aux_image\" data-id=\"20e4914\" data-element_type=\"widget\" data-widget_type=\"aux_image.default\">\n\t\t\t\t<div class=\"elementor-widget-container\">\n\t\t\t\t\t<section class=\"widget-container aux-widget-image aux-alignnone aux-parent-auf63fd5d6\">\n    <div class=\"aux-media-hint-frame \">\n        <div class=\"aux-media-image \" >\n        \n            \n\n            \n            <img fetchpriority=\"high\" decoding=\"async\" width=\"768\" height=\"659\" src=\"https:\/\/nanoclean.com.ar\/wp-content\/uploads\/2022\/03\/SECTOR-40x40.png\" class=\"aux-attachment aux-featured-image aux-attachment-id-1130 aux-preload aux-has-preview\" alt=\"SECTOR\" data-ratio=\"1\" data-original-w=\"989\" sizes=\"auto\" data-srcset=\"https:\/\/nanoclean.com.ar\/wp-content\/uploads\/2022\/03\/SECTOR-150x150.png 150w,https:\/\/nanoclean.com.ar\/wp-content\/uploads\/2022\/03\/SECTOR-300x300.png 300w,https:\/\/nanoclean.com.ar\/wp-content\/uploads\/2022\/03\/SECTOR-768x659.png 768w,https:\/\/nanoclean.com.ar\/wp-content\/uploads\/2022\/03\/SECTOR-768x659.png 768w\" data-src=\"https:\/\/nanoclean.com.ar\/wp-content\/uploads\/2022\/03\/SECTOR-768x659.png\" \/>            \n                <\/div>\n    <\/div>\n\n<\/section><!-- widget-container -->\t\t\t\t<\/div>\n\t\t\t\t<\/div>\n\t\t\t\t\t<\/div>\n\t\t<\/div>\n\t\t\t\t<div class=\"aux-parallax-section elementor-column elementor-col-50 elementor-top-column elementor-element elementor-element-b9ae964\" data-id=\"b9ae964\" data-element_type=\"column\">\n\t\t\t<div class=\"elementor-widget-wrap elementor-element-populated\">\n\t\t\t\t\t\t<div class=\"elementor-element elementor-element-aa6dcbc aux-appear-watch-animation aux-fade-in-up-1 elementor-widget elementor-widget-aux_modern_heading\" data-id=\"aa6dcbc\" data-element_type=\"widget\" data-widget_type=\"aux_modern_heading.default\">\n\t\t\t\t<div class=\"elementor-widget-container\">\n\t\t\t\t\t<section class=\"aux-widget-modern-heading\">\n            <div class=\"aux-widget-inner\"><h3 class=\"aux-modern-heading-primary\">Desinfecci\u00f3n total con purificaci\u00f3n<\/h3><div class=\"aux-modern-heading-divider\"><\/div><h3 class=\"aux-modern-heading-secondary\"><span class=\"aux-head-highlight\">Elimina virus y bacterias de cualquier espacio o superficie<\/span><span class=\"aux-head-after\"> <\/span><\/h3><\/div>\n        <\/section>\t\t\t\t<\/div>\n\t\t\t\t<\/div>\n\t\t\t\t\t<\/div>\n\t\t<\/div>\n\t\t\t\t\t<\/div>\n\t\t<\/section>\n\t\t\t\t<section class=\"elementor-section elementor-top-section elementor-element elementor-element-fd4e5c2 elementor-section-boxed elementor-section-height-default elementor-section-height-default\" data-id=\"fd4e5c2\" data-element_type=\"section\">\n\t\t\t\t\t\t<div class=\"elementor-container elementor-column-gap-default\">\n\t\t\t\t\t<div class=\"aux-parallax-section elementor-column elementor-col-100 elementor-top-column elementor-element elementor-element-bb073db\" data-id=\"bb073db\" data-element_type=\"column\">\n\t\t\t<div class=\"elementor-widget-wrap elementor-element-populated\">\n\t\t\t\t\t\t<div class=\"elementor-element elementor-element-1a73d6b aux-appear-watch-animation aux-fade-in-up elementor-widget elementor-widget-aux_modern_heading\" data-id=\"1a73d6b\" data-element_type=\"widget\" data-widget_type=\"aux_modern_heading.default\">\n\t\t\t\t<div class=\"elementor-widget-container\">\n\t\t\t\t\t<section class=\"aux-widget-modern-heading\">\n            <div class=\"aux-widget-inner\"><h2 class=\"aux-modern-heading-primary\"><\/h2><div class=\"aux-modern-heading-divider\"><\/div><\/div>\n        <\/section>\t\t\t\t<\/div>\n\t\t\t\t<\/div>\n\t\t\t\t<div class=\"elementor-element elementor-element-d6c418e aux-appear-watch-animation aux-fade-in-up elementor-widget elementor-widget-aux_recent_posts\" data-id=\"d6c418e\" data-element_type=\"widget\" data-settings=\"{&quot;columns&quot;:&quot;3&quot;,&quot;columns_tablet&quot;:&quot;2&quot;,&quot;columns_mobile&quot;:&quot;1&quot;}\" data-widget_type=\"aux_recent_posts.default\">\n\t\t\t\t<div class=\"elementor-widget-container\">\n\t\t\t\t\t<section class=\"widget-container aux-widget-recent-posts aux-parent-au36e3eeeb\"><div data-element-id=\"au36e3eeeb\" class=\"aux-match-height aux-row aux-de-col3 aux-tb-col2 aux-mb-col1 aux-total-4 aux-entry-boxed aux-ajax-view  \"><div class=\"aux-col post-1124\">\n                        <article class=\"post column-entry post-1124 type-post status-publish format-standard has-post-thumbnail hentry category-sectores\">\n                                                        <div class=\"entry-media\"><div class=\"aux-media-frame aux-media-image aux-image-mask\"><a href=\"https:\/\/nanoclean.com.ar\/index.php\/2022\/03\/05\/salud\/\"><img decoding=\"async\" width=\"636\" height=\"477\" src=\"data:image\/gif;base64,R0lGODlhAQABAIAAAAAAAP\/\/\/yH5BAEAAAAALAAAAAABAAEAAAIBRAA7\" class=\"aux-attachment aux-featured-image attachment-636.66666666667x477.5 aux-attachment-id-1125  aux-preload aux-blank\" alt=\"saluf\" data-ratio=\"1.33\" data-original-w=\"1920\" sizes=\"auto\" data-srcset=\"https:\/\/nanoclean.com.ar\/wp-content\/uploads\/2022\/03\/saluf-150x113.jpg 150w,https:\/\/nanoclean.com.ar\/wp-content\/uploads\/2022\/03\/saluf-300x225.jpg 300w,https:\/\/nanoclean.com.ar\/wp-content\/uploads\/2022\/03\/saluf-768x576.jpg 768w,https:\/\/nanoclean.com.ar\/wp-content\/uploads\/2022\/03\/saluf-1024x768.jpg 1024w,https:\/\/nanoclean.com.ar\/wp-content\/uploads\/2022\/03\/saluf-637x478.jpg 637w,https:\/\/nanoclean.com.ar\/wp-content\/uploads\/2022\/03\/saluf-1910x1432.jpg 1910w\" data-src=\"https:\/\/nanoclean.com.ar\/wp-content\/uploads\/2022\/03\/saluf-637x478.jpg\" \/><\/a><\/div><\/div>\n                            \n                            <div class=\"entry-main\">\n                                                        \n                                <header class=\"entry-header\">\n                                \n                                    <h4 class=\"entry-title\">\n                                        <a href=\"https:\/\/nanoclean.com.ar\/index.php\/2022\/03\/05\/salud\/\">\n                                            Salud                                        <\/a>\n                                    <\/h4>\n                                                                    <div class=\"entry-format\">\n                                        <a href=\"https:\/\/nanoclean.com.ar\/index.php\/2022\/03\/05\/salud\/\">\n                                            <div class=\"post-format format-\"> <\/div>\n                                        <\/a>\n                                    <\/div>\n                                <\/header>\n                            \n                                                            <div class=\"entry-content\">\n                                                                            <p>\nLos centros sanitarios deben estar libres de virus y bacterias, ya que son espacios que deben ser seguros para los usuarios, as\u00ed como para los profesionales del sector.\n\n\n\nCon est ...<\/p><div class=\"clear\"><\/div>                                <\/div>\n                                                                                        <footer class=\"entry-meta aux-after-content\">\n                                                                        <div class=\"readmore\">\n                                        <a href=\"https:\/\/nanoclean.com.ar\/index.php\/2022\/03\/05\/salud\/\" class=\"aux-read-more\"><span class=\"aux-read-more-text\">Read More<\/span><\/a>\n                                    <\/div>\n                                                                    <\/footer>\n                            \n                            <\/div>\n\n                        <\/article>\n<\/div><div class=\"aux-col post-1121\">\n                        <article class=\"post column-entry post-1121 type-post status-publish format-standard has-post-thumbnail hentry category-sectores\">\n                                                        <div class=\"entry-media\"><div class=\"aux-media-frame aux-media-image aux-image-mask\"><a href=\"https:\/\/nanoclean.com.ar\/index.php\/2022\/03\/05\/industrias\/\"><img decoding=\"async\" width=\"636\" height=\"477\" src=\"data:image\/gif;base64,R0lGODlhAQABAIAAAAAAAP\/\/\/yH5BAEAAAAALAAAAAABAAEAAAIBRAA7\" class=\"aux-attachment aux-featured-image attachment-636.66666666667x477.5 aux-attachment-id-1122  aux-preload aux-blank\" alt=\"industria\" data-ratio=\"1.33\" data-original-w=\"2560\" sizes=\"auto\" data-srcset=\"https:\/\/nanoclean.com.ar\/wp-content\/uploads\/2022\/03\/industria-150x113.jpeg 150w,https:\/\/nanoclean.com.ar\/wp-content\/uploads\/2022\/03\/industria-300x225.jpeg 300w,https:\/\/nanoclean.com.ar\/wp-content\/uploads\/2022\/03\/industria-768x576.jpeg 768w,https:\/\/nanoclean.com.ar\/wp-content\/uploads\/2022\/03\/industria-1024x768.jpeg 1024w,https:\/\/nanoclean.com.ar\/wp-content\/uploads\/2022\/03\/industria-637x478.jpeg 637w,https:\/\/nanoclean.com.ar\/wp-content\/uploads\/2022\/03\/industria-2550x1912.jpeg 2550w\" data-src=\"https:\/\/nanoclean.com.ar\/wp-content\/uploads\/2022\/03\/industria-637x478.jpeg\" \/><\/a><\/div><\/div>\n                            \n                            <div class=\"entry-main\">\n                                                        \n                                <header class=\"entry-header\">\n                                \n                                    <h4 class=\"entry-title\">\n                                        <a href=\"https:\/\/nanoclean.com.ar\/index.php\/2022\/03\/05\/industrias\/\">\n                                            Industrias                                        <\/a>\n                                    <\/h4>\n                                                                    <div class=\"entry-format\">\n                                        <a href=\"https:\/\/nanoclean.com.ar\/index.php\/2022\/03\/05\/industrias\/\">\n                                            <div class=\"post-format format-\"> <\/div>\n                                        <\/a>\n                                    <\/div>\n                                <\/header>\n                            \n                                                            <div class=\"entry-content\">\n                                                                            <p>\nNuestros sistemas de nebulizaci\u00f3n tambi\u00e9n son apropiados para cualquier empresa que opere en el sector industrial debido a su adaptabilidad y portabilidad.\n\n\n\nNebulizerair se comp ...<\/p><div class=\"clear\"><\/div>                                <\/div>\n                                                                                        <footer class=\"entry-meta aux-after-content\">\n                                                                        <div class=\"readmore\">\n                                        <a href=\"https:\/\/nanoclean.com.ar\/index.php\/2022\/03\/05\/industrias\/\" class=\"aux-read-more\"><span class=\"aux-read-more-text\">Read More<\/span><\/a>\n                                    <\/div>\n                                                                    <\/footer>\n                            \n                            <\/div>\n\n                        <\/article>\n<\/div><div class=\"aux-col post-1114\">\n                        <article class=\"post column-entry post-1114 type-post status-publish format-standard has-post-thumbnail hentry category-sectores\">\n                                                        <div class=\"entry-media\"><div class=\"aux-media-frame aux-media-image aux-image-mask\"><a href=\"https:\/\/nanoclean.com.ar\/index.php\/2022\/03\/05\/sector-pubico\/\"><img loading=\"lazy\" decoding=\"async\" width=\"636\" height=\"477\" src=\"data:image\/gif;base64,R0lGODlhAQABAIAAAAAAAP\/\/\/yH5BAEAAAAALAAAAAABAAEAAAIBRAA7\" class=\"aux-attachment aux-featured-image attachment-636.66666666667x477.5 aux-attachment-id-1118  aux-preload aux-blank\" alt=\"publico\" data-ratio=\"1.33\" data-original-w=\"1600\" sizes=\"auto\" data-srcset=\"https:\/\/nanoclean.com.ar\/wp-content\/uploads\/2022\/03\/publico-150x113.jpeg 150w,https:\/\/nanoclean.com.ar\/wp-content\/uploads\/2022\/03\/publico-300x225.jpeg 300w,https:\/\/nanoclean.com.ar\/wp-content\/uploads\/2022\/03\/publico-768x576.jpeg 768w,https:\/\/nanoclean.com.ar\/wp-content\/uploads\/2022\/03\/publico-1024x768.jpeg 1024w,https:\/\/nanoclean.com.ar\/wp-content\/uploads\/2022\/03\/publico-637x478.jpeg 637w,https:\/\/nanoclean.com.ar\/wp-content\/uploads\/2022\/03\/publico-1590x1192.jpeg 1590w\" data-src=\"https:\/\/nanoclean.com.ar\/wp-content\/uploads\/2022\/03\/publico-637x478.jpeg\" \/><\/a><\/div><\/div>\n                            \n                            <div class=\"entry-main\">\n                                                        \n                                <header class=\"entry-header\">\n                                \n                                    <h4 class=\"entry-title\">\n                                        <a href=\"https:\/\/nanoclean.com.ar\/index.php\/2022\/03\/05\/sector-pubico\/\">\n                                            Sector p\u00fablico                                        <\/a>\n                                    <\/h4>\n                                                                    <div class=\"entry-format\">\n                                        <a href=\"https:\/\/nanoclean.com.ar\/index.php\/2022\/03\/05\/sector-pubico\/\">\n                                            <div class=\"post-format format-\"> <\/div>\n                                        <\/a>\n                                    <\/div>\n                                <\/header>\n                            \n                                                            <div class=\"entry-content\">\n                                                                            <p>\nNuestra prioridad es garantizar la salud de los trabajadores y del p\u00fablico en general, por ello, consideramos imprescindible la limpieza, desinfecci\u00f3n y ventilaci\u00f3n de los espacio ...<\/p><div class=\"clear\"><\/div>                                <\/div>\n                                                                                        <footer class=\"entry-meta aux-after-content\">\n                                                                        <div class=\"readmore\">\n                                        <a href=\"https:\/\/nanoclean.com.ar\/index.php\/2022\/03\/05\/sector-pubico\/\" class=\"aux-read-more\"><span class=\"aux-read-more-text\">Read More<\/span><\/a>\n                                    <\/div>\n                                                                    <\/footer>\n                            \n                            <\/div>\n\n                        <\/article>\n<\/div><div class=\"aux-col post-1109\">\n                        <article class=\"post column-entry post-1109 type-post status-publish format-standard has-post-thumbnail hentry category-sectores\">\n                                                        <div class=\"entry-media\"><div class=\"aux-media-frame aux-media-image aux-image-mask\"><a href=\"https:\/\/nanoclean.com.ar\/index.php\/2022\/03\/05\/sector-privados\/\"><img loading=\"lazy\" decoding=\"async\" width=\"636\" height=\"477\" src=\"data:image\/gif;base64,R0lGODlhAQABAIAAAAAAAP\/\/\/yH5BAEAAAAALAAAAAABAAEAAAIBRAA7\" class=\"aux-attachment aux-featured-image attachment-636.66666666667x477.5 aux-attachment-id-1112  aux-preload aux-blank\" alt=\"privado\" data-ratio=\"1.33\" data-original-w=\"1200\" sizes=\"auto\" data-srcset=\"https:\/\/nanoclean.com.ar\/wp-content\/uploads\/2022\/03\/privado-150x113.jpeg 150w,https:\/\/nanoclean.com.ar\/wp-content\/uploads\/2022\/03\/privado-300x225.jpeg 300w,https:\/\/nanoclean.com.ar\/wp-content\/uploads\/2022\/03\/privado-768x576.jpeg 768w,https:\/\/nanoclean.com.ar\/wp-content\/uploads\/2022\/03\/privado-1024x768.jpeg 1024w,https:\/\/nanoclean.com.ar\/wp-content\/uploads\/2022\/03\/privado-637x478.jpeg 637w,https:\/\/nanoclean.com.ar\/wp-content\/uploads\/2022\/03\/privado-1190x892.jpeg 1190w\" data-src=\"https:\/\/nanoclean.com.ar\/wp-content\/uploads\/2022\/03\/privado-637x478.jpeg\" \/><\/a><\/div><\/div>\n                            \n                            <div class=\"entry-main\">\n                                                        \n                                <header class=\"entry-header\">\n                                \n                                    <h4 class=\"entry-title\">\n                                        <a href=\"https:\/\/nanoclean.com.ar\/index.php\/2022\/03\/05\/sector-privados\/\">\n                                            Sector privado                                        <\/a>\n                                    <\/h4>\n                                                                    <div class=\"entry-format\">\n                                        <a href=\"https:\/\/nanoclean.com.ar\/index.php\/2022\/03\/05\/sector-privados\/\">\n                                            <div class=\"post-format format-\"> <\/div>\n                                        <\/a>\n                                    <\/div>\n                                <\/header>\n                            \n                                                            <div class=\"entry-content\">\n                                                                            <p>\nEl principal canal de transmisi\u00f3n del nuevo COVID-19 es el contacto directo entre las personas, ya que se transmite de unos a otros mediante secreciones respiratorias que se dan c ...<\/p><div class=\"clear\"><\/div>                                <\/div>\n                                                                                        <footer class=\"entry-meta aux-after-content\">\n                                                                        <div class=\"readmore\">\n                                        <a href=\"https:\/\/nanoclean.com.ar\/index.php\/2022\/03\/05\/sector-privados\/\" class=\"aux-read-more\"><span class=\"aux-read-more-text\">Read More<\/span><\/a>\n                                    <\/div>\n                                                                    <\/footer>\n                            \n                            <\/div>\n\n                        <\/article>\n<\/div><\/div><\/section><!-- widget-container -->\t\t\t\t<\/div>\n\t\t\t\t<\/div>\n\t\t\t\t\t<\/div>\n\t\t<\/div>\n\t\t\t\t\t<\/div>\n\t\t<\/section>\n\t\t\t\t<\/div>\n\t\t","protected":false},"excerpt":{"rendered":"<p>Desinfecci\u00f3n total con purificaci\u00f3n Elimina virus y bacterias de cualquier espacio o superficie Salud Los centros sanitarios deben estar libres de virus y bacterias, ya que son espacios que deben ser seguros para los usuarios, as\u00ed como para los profesionales del sector. Con est &#8230; Read More Industrias Nuestros sistemas de nebulizaci\u00f3n tambi\u00e9n son apropiados [&hellip;]<\/p>\n","protected":false},"author":2,"featured_media":0,"parent":0,"menu_order":0,"comment_status":"closed","ping_status":"closed","template":"templates\/page-builder-content.php","meta":{"footnotes":""},"_links":{"self":[{"href":"https:\/\/nanoclean.com.ar\/index.php\/wp-json\/wp\/v2\/pages\/1048"}],"collection":[{"href":"https:\/\/nanoclean.com.ar\/index.php\/wp-json\/wp\/v2\/pages"}],"about":[{"href":"https:\/\/nanoclean.com.ar\/index.php\/wp-json\/wp\/v2\/types\/page"}],"author":[{"embeddable":true,"href":"https:\/\/nanoclean.com.ar\/index.php\/wp-json\/wp\/v2\/users\/2"}],"replies":[{"embeddable":true,"href":"https:\/\/nanoclean.com.ar\/index.php\/wp-json\/wp\/v2\/comments?post=1048"}],"version-history":[{"count":26,"href":"https:\/\/nanoclean.com.ar\/index.php\/wp-json\/wp\/v2\/pages\/1048\/revisions"}],"predecessor-version":[{"id":1345,"href":"https:\/\/nanoclean.com.ar\/index.php\/wp-json\/wp\/v2\/pages\/1048\/revisions\/1345"}],"wp:attachment":[{"href":"https:\/\/nanoclean.com.ar\/index.php\/wp-json\/wp\/v2\/media?parent=1048"}],"curies":[{"name":"wp","href":"https:\/\/api.w.org\/{rel}","templated":true}]}}